 (-7 + -1).
18
What is the value of -20 - (-6 + 2 + (-11 - -2))?
-7
What is the value of 5 + -1 + (-4 - (-11 + 7 + 3))?
1
What is the value of -8 + -3 - (-14 - (22 + -19))?
6
(0 - (-1 + (-6 - -1))) + 9 + -2
13
-11 + -5 + 28 + -5 + (8 - -3)
18
Calculate 34 - 18 - (38 - 4).
-18
What is 36 - (8 - (-43 - -21))?
6
What is -32 - (34 + -40 - (-6 + 3 - 1))?
-30
1 + 38 + 47 + -94
-8
Calculate (-1 - (2 - 4)) + -25 + 9 + 27.
12
Evaluate -7 + (13 - 32 - -11).
-15
What is the value of (3 + -19 - (-73 - -49)) + (0 - 17)?
-9
(-6 - -4) + 14 - (-6 + -16)
34
Calculate -45 + -4 + 38 + (-4 - -2 - -5).
-8
Calculate 9 + (2 - (-14 - -15)).
10
What is the value of -485 - -496 - (24 - (0 - 1))?
-14
Evaluate (-9 - -49) + -33 + 1 + (0 - -1).
9
What is the value of 9 - (-2 - (3 - 2) - (-28 - -8))?
-8
What is the value of 454 - 415 - (1 + 9 - 3)?
32
Calculate -11 + 9 + -29 + 3.
-28
Calculate -25 - (-53 + (13 - -13)).
2
What is 17 - (-14 + 19) - 29?
-17
-2765 + 2780 - (-1 - -1 - 1)
16
Calculate 4 - -1 - (-75 + 78) - -2 - 5.
-1
Calculate 3 + -18 + 30 - 20.
-5
-11 + 4 + -5 + 10 - (-2 + 29)
-29
Calculate -2 + (3 - 5) - (-13 + 42 + -23).
-10
-1 - (4 + 2 + 0 + -2 + 0)
-5
(-3 - 1) + (-10 + 23 - 20)
-11
What is -29 - (-11 + 2 - 23)?
3
What is (-35 + 12 - -4) + 27 + -45?
-37
Calculate (1 - (-11 - -3) - (6 - -10)) + -9.
-16
What is (-3 - -9 - 6) + 2 - -2?
4
What is the value of 1 + 1 + 1 - ((-3 - 1) + 0)?
7
What is the value of (11 - 1) + 83 + -93 - 2?
-2
What is the value of -1 + -2 + (6 - -1) + 1?
5
Evaluate (3 - 1 - (1 - 12)) + -7.
6
Calculate 28 - (-11 - -16) - 15 - (0 - -4).
4
What is 5 - ((5 + -2 - -1) + 15 + -7)?
-7
Calculate (0 - (11 + -8) - -2 - 9) + 23.
13
What is 11 - (5 + 0 + 5 + -2)?
3
Calculate 5 - (-4 - -3) - (-1 - (9 + -11)).
5
What is -4 + (15 + -13 - (2 + -4)) + -2?
-2
Evaluate (22 - (5 + 9)) + -12.
-4
What is (-4 - 2) + -28 + (2 + 4 - -4)?
-24
-5 + 10 - (-17 + 10)
12
Evaluate 7 + (-2 - -13) + -5 + -7.
6
What is -2 + 1 - (2 + 12 + -8)?
-7
(10 + -21 - 1 - -3) + 5
-4
26 - (11 - (52 - 56 - (2 + -28)))
37
Evaluate -116 + 106 + (7 - 3) + 4.
-2
Evaluate 9 - -4 - (1 + -2 + 2).
12
Calculate 16 - (-9 + -7 + 20).
12
What is 11 + (-9 + 14 - 5)?
11
What is the value of -28 + -1 + (5 - 0) + (-93 - -89)?
-28
What is the value of (164 - 180) + (15 - -1) + 32?
32
What is the value of -16 + 22 + 1 + 14?
21
What is the value of 9 + -4 + 2 + 0 + 0 + 11?
18
Evaluate -7 + (-2 + -1 - (-5 - (2 + -9))).
-12
Calculate -23 - ((12 - 16) + -10) - (-7 + 0).
-2
What is the value of 4 - (-4 + 1 - (-147 - -130))?
-10
-31 + 42 + -20 + 4
-5
What is the value of -5 + (22 - (-5 - -7))?
15
(-9 - -6 - 21) + -2 - (-12 + 8)
-22
What is the value of 1 + 14 + -5 + (-34 - (-23 - -8))?
-9
What is the value of -354 + 344 - (0 - (0 + -1))?
-11
Evaluate 4 + -18 + 9 + -7.
-12
-4 - (-8 - (-10 + 7)) - (-3 - -1)
3
What is -18 - (-2 - (-6 + 2) - 8)?
-12
Calculate (13 - (-5 - (7 - (9 + -3)))) + -4.
15
Calculate -4 - 2 - 2 - -7 - 8.
-9
What is the value of -9 + (9 - (6 + (8 - 22) - -5))?
3
Calculate -14 - (-40 + 19) - 20.
-13
What is the value of (0 - -8) + (-61 - -58 - (0 + -7))?
12
What is -17 - (-16 - (9 + 1))?
9
Calculate -175 + 197 + 3 + -43.
-18
Calculate -3 - (2 - 18 - (5 + (-2 - 1))).
15
Evaluate 2 - 3 - 0 - (15 - 15).
-1
Evaluate -4 - (4 - (3 - (4 + (-2 - 2)))).
-5
33 - (-6 + (-18 - -67))
-10
What is the value of 3 - 21 - (0 + -25)?
7
12 + (1 - -4 - 19)
-2
Calculate (-43 + 16 - -25) + 16.
14
-19 - (14 - 25 - -21)
-29
Calculate 17 + -7 + -20 - 6 - -5.
-11
What is -866 + 883 + (1 - 0 - 0)?
18
-1 + 0 + -7 - (63 + 13 - 117)
33
Evaluate (-27 + (-2 - 8 - -5) - 6) + 0.
-38
What is -6 + -2 + -7 + (2 - -8) + -6?
-11
Evaluate -1 + 10 + -8 + 8 - 0.
9
Calculate 4 + 1 + -4 + (10 - (45 - 11)).
-23
What is the value of (5 + -2 - -7) + -2 + 5?
13
What is 60 + -35 + (0 - (-4 + 13))?
16
19 + -5 + -1 - (6 + 5 + -7)
9
-126 - (-128 + 13) - (-42 - (1 - 2))
30
What is the value of (-2 + -7 - (23 - 22)) + 5 + 0?
-5
Evaluate 22 - 4 - (34 + 11).
-27
Evaluate 6 + -1 + -33 - (-1 + -4).
-23
-11 + (-17 - -32) + -1 + -7
-4
What is -14 + (16 - 17) - -21?
6
What is the value of 15 + (20 - 9 - 5 - 11)?
10
-27 + -69 + 110 - (1 + -16)
29
What is (-1 - -2) + (186 - 187) + (2 - 8)?
-6
What is -27 - ((-183 - -166) + (4 - -2))?
-16
Evaluate 7 + -2 - (22 - (-11 - (-11 - -5))).
-22
What is (-5 - (-12 - -18)) + 40 + -11?
18
What is (-13 - -18) + (2 - 7) - (-4 - -9)?
-5
Evaluate 2 + 1 + 8 + -7 + 5 + 8.
17
Evaluate -20 - (1 + -18) - (1 - -1) - -4.
-1
Evaluate -2 + -20 - (-11 + 13 + (45 - 37)).
-32
What is the value of -15 - 5 - (7 + -16)?
-11
What is -75 + 81 + (-1 - 13)?
-8
(-13 - (-36 - -20)) + (-19 - -2) + 2
-12
Evaluate 2 - 0 - 5 - (1 + -11 + 12).
-5
1 - 0 - (-238 - -250)
-11
Evaluate -7 - (19 - 8) - 1.
-19
-23 - -19 - (-1 - -1 - (-2 + 4))
-2
What is the value of 6 - ((104 - 104) + -6 + 0)?
12
-13 - (3 - -2) - (20 - 29)
-9
What is 11 + (10 - (-12 + 10) - 7)?
16
(-23 - -21 - 1) + -4
-7
Calculate -1 + 1 + -5 + (23 + -10 - -3).
11
What is the value of (21 - 65) + 26 + -7?
-25
Calculate 19 + (-20 - -12 - (-1 - 0) - -4).
16
Evaluate (-385 - -392) + (2 - -3).
12
What is -4 + (0 + 2 - (99 - 113))?
12
Calculate 5 + 2 + (-3 - 7) + 17 + -18.
-4
-3 - (-21 + 27) - (0 - 9)
0
(-5 - -6) + -3 + -2 + -1 + 13
8
6 + 5 + 5 + -14 + -2 - -2
2
Calculate 17 + -2 - 10 - 4 - 9.
-8
-19 + 64 + -66 + 0 + 3
-18
What is the value of -23 + (39 - 15) - 8?
-7
Evaluate (16 - 9) + -3 - (4 + -10).
10
What is the value of 21 - -1 - (-56 + 40 - -25)?
13
What is the value of 6 + 3 + 7 + 31 + -68?
-21
What is the value of 4 + (-30 - -22) - (2 + 7)?
-13
(5 - (-4 - -18 - 12)) + 0 + -18
-15
11 - (11 + (18 - 13))
-5
Evaluate 24 + (41 - (70 - 14)).
9
Evaluate 7 + -5 + 4 + -1 + -20 + 6.
-9
Evaluate 3 - (7 - (14 + (3 - 6)) - -3).
4
6 + 1 + -3 + 15 - (-17 + 28)
8
Calculate 7 + (40 - 11) + -29.
7
What is 25 + -18 + (2 - 3 - 5)?
1
Calculate 153 - 168 - (3 + -16).
-2
Calculate (54 - 47 - (1 - -5)) + -10.
-9
What is the value of (816 - 824) + (0 - 8)?
-16
(-8 - -2 - -8 - (2 - -28)) + -5
-33
Calculate (-12 - -1) + (7 - -5).
1
Evaluate 7 - ((-15 - -12) + -1) - -8.
19
What is the value of 28 + -47 + 21 + -1 + 8?
9
-15 + (30 - 18) - (1 - 0)
-4
-3 - (-1 + 4 + (35 - 10))
-31
Evaluate (6 - -2 - (4 - -1 - 0)) + 0.
3
What is the value of -1 - (-2 + -14) - (-19 + 5 + 19)?
10
-5 + 16 - (-102 - -84)
29
-2 + 0 - (3 - -5 - 9)
-1
Calculate 6 + (-5 - -2) + -4 + (62 - 59).
2
1 + (3 + (-3 - (2 + 5)) - 1)
-7
Calculate -31 + -3 + (9 - (10 + -4)) + 2.
-29
What is the value of -885 + 844 + (1 - -24)?
-16
What is the value of -8 - (-7 + 1) - (5 - (1 + -2))?
-8
What is 7 + (6 - (-2 - -10)) - (-1 + 19)?
-13
What is 10 + -24 - (-1 - 14)?
1
Calculate (-54 - (-7 - 9) - -4) + 12.
-22
What is the value of 0 + (3 - 1) + (-553 - -547)?
-4
What is the value of 517 + -521 + (1 + -1 - (24 - -5))?
-33
Calculate (9 - (6 - (-3 + 8))) + (0 - 9).
-1
Calculate (-2 - -5) + (73 - 92) - -2.
-14
What is the value of -64 + (26 - (-40 + 24))?
-22
What is (-12 - (-21 - 8)) + (-2 - 0)?
15
What is -3 + -5 - -3 - (-76 + 79)?
-8
What is (3 - 9) + 0 - (11 - 24)?
7
10 + (-17 - -16) - (3 + 14)
-8
(8 - -9) + 7 + 1 + (-156 - -158)
27
Calculate -4 - ((-11 - -14 - 3) + 14).
-18
What is -4 + (16 - (11 + 13))?
-12
Calculate (3 + -1 - (42 - 42)) + 15.
17
Evaluate 4 + 2 + (6 - 0) + 133 + -126.
19
What is -6 - (-3 + (-3 - (10 - 17)))?
-7
What is the value of 1 + 11 + (-2 - -4 - 12)?
2
What is the value of 31 + -10 + -10 + 1?
12
Evaluate (0 - (1 - 6)) + 449 + -444.
10
9 - (16 - 4) - 10
-13
-2 + (-44 - -37 - (-14 - 0)) + -14
-9
Evaluate (8 - 18) + 23 - (4 - -6).
3
-13 + 3 + (-8 - -5) + 5
-8
What is the value of -1 + -2 + 0 + 104 + -86?
15
What is the value of -6 - (4 + -8 + 17 - 48)?
29
What is -3 - 1 - -4 - -6 - (-27 - -40)?
-7
What is the value of (-8 - (1 + -6 + -1)) + 8?
6
Calculate 42 + 65 + -63 + (1 - 17).
28
Calculate 6 + -26 + -1 + 15.
-6
What is -1 + 2 + 38 + 0 + 139 + -145?
33
What is the value of 11 + -26 + -13 + 12 - (-2 + -5)?
-9
Evaluate (-22 - -11) + 4 - (0 - (-3 - -7)).
-3
-17 + 1 + -1 + 6 + 4 - -1
-6
(1 - 2) + (-6 - -10)
3
What is 2 + 15 + (180 - 221)?
-24
What is the value of 6 - (-15 - -13) - 11?
-3
What is (50 + -58 - (0 + 4)) + 17?
5
What is 2 - ((-4 - -1) + 6 + -4 + 3)?
0
Calculate -24 - (147 - 136 - (20 + 0)).
-15
What is 0 - 9 - (68 + -